{"id":2518,"date":"2020-08-20T09:08:33","date_gmt":"2020-08-20T12:08:33","guid":{"rendered":"http:\/\/ds5.com.br\/site\/?page_id=2518"},"modified":"2020-10-28T11:23:30","modified_gmt":"2020-10-28T14:23:30","slug":"noticias","status":"publish","type":"page","link":"https:\/\/ds5.com.br\/site\/noticias\/","title":{"rendered":"Not\u00edcias"},"content":{"rendered":"\n<div style=\"height:50px\" aria-hidden=\"true\" class=\"wp-block-spacer\"><\/div>\n\n\n\r\n        <div class=\"wp-block-getwid-post-slider custom-post-type-post has-arrows-inside has-dots-inside\">\r\n            <div data-slider-option=\"{&quot;getwid_fade_effect&quot;:&quot;slide&quot;,&quot;getwid_autoplay&quot;:true,&quot;getwid_autoplay_speed&quot;:6000,&quot;getwid_infinite&quot;:true,&quot;getwid_animation_speed&quot;:800,&quot;getwid_arrows&quot;:&quot;inside&quot;,&quot;getwid_dots&quot;:&quot;inside&quot;}\" class=\"wp-block-getwid-post-slider__content no-init-slider\">\r\n                \t\t\t\t\t\t\t<div class=\"wp-block-getwid-post-slider__slide\" style=\"min-height:350px;\">\r\n\t\t\t\t\t\t\t\t\r\n<div class=\"wp-block-getwid-post-slider__post\">\r\n            <div class=\"wp-block-getwid-post-slider__post-thumbnail\">\r\n            <img width=\"1140\" height=\"599\" src=\"https:\/\/ds5.com.br\/site\/wp-content\/uploads\/2020\/08\/email.jpg\" class=\"attachment-post-thumbnail size-post-thumbnail wp-post-image\" alt=\"\" loading=\"lazy\" \/>        <\/div>\r\n        <div class=\"wp-block-getwid-post-slider__post-overlay\"><\/div>\r\n    <div class=\"wp-block-getwid-post-slider__post-content-wrapper\">\r\n        <h3 class=\"wp-block-getwid-post-slider__post-title\"><a href=\"https:\/\/ds5.com.br\/site\/2020\/08\/21\/sefaz-disponibiliza-e-mails-para-atendimento-ao-contribuinte\/\">SEFAZ PB Disponibiliza e-mails para atendimento ao contribuinte<\/a><\/h3>        <div class=\"wp-block-getwid-post-slider__post-excerpt\"><p>Com a suspens\u00e3o tempor\u00e1ria do expediente presencial em todas as unidades de atendimento, reparti\u00e7\u00f5es fiscais, ger\u00eancias e postos fiscais da SEFAZ, a Secretaria de Estado da Fazenda (SEFAZ) est\u00e1 disponibilizando excepcionalmente o servi\u00e7o do correio eletr\u00f4nico (e-mail), como meio de atendimento aos contribuintes. Os servi\u00e7os de protocolo, os&nbsp;questionamentos e as d\u00favidas&nbsp;poder\u00e3o ser esclarecidos nos seguintes [&hellip;]<\/p>\n<\/div>\r\n    <\/div>\r\n<\/div>\t\t\t\t\t\t\t<\/div>\r\n\t\t\t\t\t\t\t\t\t\t\t\t\t<div class=\"wp-block-getwid-post-slider__slide\" style=\"min-height:350px;\">\r\n\t\t\t\t\t\t\t\t\r\n<div class=\"wp-block-getwid-post-slider__post\">\r\n            <div class=\"wp-block-getwid-post-slider__post-thumbnail\">\r\n            <img width=\"1140\" height=\"567\" src=\"https:\/\/ds5.com.br\/site\/wp-content\/uploads\/2020\/08\/aperto-de-maos.jpg\" class=\"attachment-post-thumbnail size-post-thumbnail wp-post-image\" alt=\"\" loading=\"lazy\" \/>        <\/div>\r\n        <div class=\"wp-block-getwid-post-slider__post-overlay\"><\/div>\r\n    <div class=\"wp-block-getwid-post-slider__post-content-wrapper\">\r\n        <h3 class=\"wp-block-getwid-post-slider__post-title\"><a href=\"https:\/\/ds5.com.br\/site\/2020\/08\/21\/recontratacao-em-menos-de-90-dias-entenda-a-nova-regra\/\">Recontrata\u00e7\u00e3o em menos de 90 dias: entenda a nova regra<\/a><\/h3>        <div class=\"wp-block-getwid-post-slider__post-excerpt\"><p>O governo federal autorizou possibilidade da recontrata\u00e7\u00e3o em menos de 90 dias, de funcion\u00e1rios que tenham sido demitidos sem justa causa durante a pandemia. A pr\u00e1tica em que o empregador e o empregado simulavam a dispensa sem justa causa para permitir que o saque do FGTS \u00e9 considerada fraudulenta. O que muda com nova regra? [&hellip;]<\/p>\n<\/div>\r\n    <\/div>\r\n<\/div>\t\t\t\t\t\t\t<\/div>\r\n\t\t\t\t\t\t\t\t\t\t\t\t\t<div class=\"wp-block-getwid-post-slider__slide\" style=\"min-height:350px;\">\r\n\t\t\t\t\t\t\t\t\r\n<div class=\"wp-block-getwid-post-slider__post\">\r\n            <div class=\"wp-block-getwid-post-slider__post-thumbnail\">\r\n            <img width=\"1140\" height=\"760\" src=\"https:\/\/ds5.com.br\/site\/wp-content\/uploads\/2020\/08\/homeoffice.jpg\" class=\"attachment-post-thumbnail size-post-thumbnail wp-post-image\" alt=\"\" loading=\"lazy\" \/>        <\/div>\r\n        <div class=\"wp-block-getwid-post-slider__post-overlay\"><\/div>\r\n    <div class=\"wp-block-getwid-post-slider__post-content-wrapper\">\r\n        <h3 class=\"wp-block-getwid-post-slider__post-title\"><a href=\"https:\/\/ds5.com.br\/site\/2020\/08\/21\/trabalho-remoto-e-financas-como-a-empresa-pode-se-beneficiar-dese-novo-formato\/\">Trabalho remoto e finan\u00e7as: Como a empresa pode se beneficiar dese novo formato?<\/a><\/h3>        <div class=\"wp-block-getwid-post-slider__post-excerpt\"><p>O&nbsp;trabalho remoto&nbsp;(home office) \u00e9 uma modalidade de trabalho \u00e0 dist\u00e2ncia. Muito utilizada por alguns profissionais liberais e empresas que prescindem da presen\u00e7a de seus colaboradores, esse tipo de trabalho cresceu muito com a pandemia do COVID-19. Ele foi, na verdade, a forma que as empresas encontraram de continuar suas opera\u00e7\u00f5es. E quando falamos de trabalho [&hellip;]<\/p>\n<\/div>\r\n    <\/div>\r\n<\/div>\t\t\t\t\t\t\t<\/div>\r\n\t\t\t\t\t\t            <\/div>\r\n        <\/div>\r\n        \n\n\n<div style=\"height:65px\" aria-hidden=\"true\" class=\"wp-block-spacer\"><\/div>\n\n\n\n<div class=\"wp-block-uagb-advanced-heading uagb-block-f4ae82ab\"><h2 class=\"uagb-heading-text\">Ultimas Noticias<\/h2><div class=\"uagb-separator-wrap\"><div class=\"uagb-separator\"><\/div><\/div><p class=\"uagb-desc-text\"><\/p><\/div>\n\n\n\n\t\t\t<div class=\"uagb-post-grid  uagb-post__image-position-top uagb-block-7ff36006\" data-total=\"1\">\n\n\t\t\t\t<div class=\"uagb-post__items uagb-post__columns-3 is-masonry uagb-post__columns-tablet-2 uagb-post__columns-mobile-1\">\n\n\t\t\t\t\t\t\t\t<article >\n\t\t\t\t\t\t\t\t\t\t<div class=\"uagb-post__inner-wrap\">\n\t\t\t\t\t\t\t\t\t\t\t\t\t\t\t<div class='uagb-post__image'>\n\t\t\t\t<a href=\"https:\/\/ds5.com.br\/site\/2020\/08\/21\/sefaz-disponibiliza-e-mails-para-atendimento-ao-contribuinte\/\" target=\"_self\" rel=\"bookmark noopener noreferrer\"><img width=\"812\" height=\"427\" src=\"https:\/\/ds5.com.br\/site\/wp-content\/uploads\/2020\/08\/email.jpg\" class=\"attachment-large size-large\" alt=\"\" loading=\"lazy\" \/>\t\t\t\t<\/a>\n\t\t\t<\/div>\n\t\t\t\t\t\t\t\t\t<div class=\"uagb-post__text\">\n\t\t\t\t\t\t\t\t\t\t<h3 class=\"uagb-post__title\">\n\t\t\t\t<a href=\"https:\/\/ds5.com.br\/site\/2020\/08\/21\/sefaz-disponibiliza-e-mails-para-atendimento-ao-contribuinte\/\" target=\"_self\" rel=\"bookmark noopener noreferrer\">SEFAZ PB Disponibiliza e-mails para atendimento ao contribuinte<\/a>\n\t\t\t<\/h3>\n\t\t\t\t\t\t\t\t\t\t\t\t\t<div class=\"uagb-post-grid-byline\">\n\t\t\t\t\t\t\t<span class=\"uagb-post__author\">\n\t\t\t\t<span class=\"dashicons-admin-users dashicons\"><\/span>\n\t\t\t\t<a href=\"https:\/\/ds5.com.br\/site\/author\/ds5\/\" title=\"Posts de ds5 sistemas\" rel=\"author\">ds5 sistemas<\/a>\t\t\t<\/span>\n\t\t\t\t\t\t<time datetime=\"2020-08-21T08:56:13-03:00\" class=\"uagb-post__date\">\n\t\t\t\t<span class=\"dashicons-calendar dashicons\"><\/span>\n\t\t\t\t21 de agosto de 2020\t\t\t<\/time>\n\t\t\t\t\t\t<span class=\"uagb-post__comment\">\n\t\t\t\t<span class=\"dashicons-admin-comments dashicons\"><\/span>\n\t\t\t\tNenhum coment\u00e1rio\t\t\t<\/span>\n\t\t\t\t\t\t<\/div>\n\t\t\t\t\t\t\t\t\t\t\t\t\t\t<div class=\"uagb-post__excerpt\">\n\t\t\t\t\tCom a suspens\u00e3o tempor\u00e1ria do expediente presencial em todas as unidades de atendimento, reparti\u00e7\u00f5es fiscais, ger\u00eancias e postos fiscais da SEFAZ, a Secretaria de Estado&hellip;\t\t\t\t<\/div>\n\t\t\t\t\t\t\t\t\t\t\t\t\t<div class=\"uagb-post__cta\">\n\t\t\t\t<a class=\"uagb-post__link uagb-text-link\" href=\"https:\/\/ds5.com.br\/site\/2020\/08\/21\/sefaz-disponibiliza-e-mails-para-atendimento-ao-contribuinte\/\" target=\"_self\" rel=\"bookmark noopener noreferrer\">Leia mais<\/a>\n\t\t\t<\/div>\n\t\t\t\t\t\t\t\t\t<\/div>\n\t\t\t\t\t<\/div>\n\t\t\t\t\t\t\t\t\t<\/article>\n\n\t\t\t\t\t\t\t\t<article >\n\t\t\t\t\t\t\t\t\t\t<div class=\"uagb-post__inner-wrap\">\n\t\t\t\t\t\t\t\t\t\t\t\t\t\t\t<div class='uagb-post__image'>\n\t\t\t\t<a href=\"https:\/\/ds5.com.br\/site\/2020\/08\/21\/recontratacao-em-menos-de-90-dias-entenda-a-nova-regra\/\" target=\"_self\" rel=\"bookmark noopener noreferrer\"><img width=\"812\" height=\"404\" src=\"https:\/\/ds5.com.br\/site\/wp-content\/uploads\/2020\/08\/aperto-de-maos.jpg\" class=\"attachment-large size-large\" alt=\"\" loading=\"lazy\" \/>\t\t\t\t<\/a>\n\t\t\t<\/div>\n\t\t\t\t\t\t\t\t\t<div class=\"uagb-post__text\">\n\t\t\t\t\t\t\t\t\t\t<h3 class=\"uagb-post__title\">\n\t\t\t\t<a href=\"https:\/\/ds5.com.br\/site\/2020\/08\/21\/recontratacao-em-menos-de-90-dias-entenda-a-nova-regra\/\" target=\"_self\" rel=\"bookmark noopener noreferrer\">Recontrata\u00e7\u00e3o em menos de 90 dias: entenda a nova regra<\/a>\n\t\t\t<\/h3>\n\t\t\t\t\t\t\t\t\t\t\t\t\t<div class=\"uagb-post-grid-byline\">\n\t\t\t\t\t\t\t<span class=\"uagb-post__author\">\n\t\t\t\t<span class=\"dashicons-admin-users dashicons\"><\/span>\n\t\t\t\t<a href=\"https:\/\/ds5.com.br\/site\/author\/ds5\/\" title=\"Posts de ds5 sistemas\" rel=\"author\">ds5 sistemas<\/a>\t\t\t<\/span>\n\t\t\t\t\t\t<time datetime=\"2020-08-21T09:07:43-03:00\" class=\"uagb-post__date\">\n\t\t\t\t<span class=\"dashicons-calendar dashicons\"><\/span>\n\t\t\t\t21 de agosto de 2020\t\t\t<\/time>\n\t\t\t\t\t\t<span class=\"uagb-post__comment\">\n\t\t\t\t<span class=\"dashicons-admin-comments dashicons\"><\/span>\n\t\t\t\tNenhum coment\u00e1rio\t\t\t<\/span>\n\t\t\t\t\t\t<\/div>\n\t\t\t\t\t\t\t\t\t\t\t\t\t\t<div class=\"uagb-post__excerpt\">\n\t\t\t\t\tO governo federal autorizou possibilidade da recontrata\u00e7\u00e3o em menos de 90 dias, de funcion\u00e1rios que tenham sido demitidos sem justa causa durante a pandemia. A&hellip;\t\t\t\t<\/div>\n\t\t\t\t\t\t\t\t\t\t\t\t\t<div class=\"uagb-post__cta\">\n\t\t\t\t<a class=\"uagb-post__link uagb-text-link\" href=\"https:\/\/ds5.com.br\/site\/2020\/08\/21\/recontratacao-em-menos-de-90-dias-entenda-a-nova-regra\/\" target=\"_self\" rel=\"bookmark noopener noreferrer\">Leia mais<\/a>\n\t\t\t<\/div>\n\t\t\t\t\t\t\t\t\t<\/div>\n\t\t\t\t\t<\/div>\n\t\t\t\t\t\t\t\t\t<\/article>\n\n\t\t\t\t\t\t\t\t<article >\n\t\t\t\t\t\t\t\t\t\t<div class=\"uagb-post__inner-wrap\">\n\t\t\t\t\t\t\t\t\t\t\t\t\t\t\t<div class='uagb-post__image'>\n\t\t\t\t<a href=\"https:\/\/ds5.com.br\/site\/2020\/08\/21\/trabalho-remoto-e-financas-como-a-empresa-pode-se-beneficiar-dese-novo-formato\/\" target=\"_self\" rel=\"bookmark noopener noreferrer\"><img width=\"812\" height=\"541\" src=\"https:\/\/ds5.com.br\/site\/wp-content\/uploads\/2020\/08\/homeoffice.jpg\" class=\"attachment-large size-large\" alt=\"\" loading=\"lazy\" \/>\t\t\t\t<\/a>\n\t\t\t<\/div>\n\t\t\t\t\t\t\t\t\t<div class=\"uagb-post__text\">\n\t\t\t\t\t\t\t\t\t\t<h3 class=\"uagb-post__title\">\n\t\t\t\t<a href=\"https:\/\/ds5.com.br\/site\/2020\/08\/21\/trabalho-remoto-e-financas-como-a-empresa-pode-se-beneficiar-dese-novo-formato\/\" target=\"_self\" rel=\"bookmark noopener noreferrer\">Trabalho remoto e finan\u00e7as: Como a empresa pode se beneficiar dese novo formato?<\/a>\n\t\t\t<\/h3>\n\t\t\t\t\t\t\t\t\t\t\t\t\t<div class=\"uagb-post-grid-byline\">\n\t\t\t\t\t\t\t<span class=\"uagb-post__author\">\n\t\t\t\t<span class=\"dashicons-admin-users dashicons\"><\/span>\n\t\t\t\t<a href=\"https:\/\/ds5.com.br\/site\/author\/ds5\/\" title=\"Posts de ds5 sistemas\" rel=\"author\">ds5 sistemas<\/a>\t\t\t<\/span>\n\t\t\t\t\t\t<time datetime=\"2020-08-21T09:13:47-03:00\" class=\"uagb-post__date\">\n\t\t\t\t<span class=\"dashicons-calendar dashicons\"><\/span>\n\t\t\t\t21 de agosto de 2020\t\t\t<\/time>\n\t\t\t\t\t\t<span class=\"uagb-post__comment\">\n\t\t\t\t<span class=\"dashicons-admin-comments dashicons\"><\/span>\n\t\t\t\tNenhum coment\u00e1rio\t\t\t<\/span>\n\t\t\t\t\t\t<\/div>\n\t\t\t\t\t\t\t\t\t\t\t\t\t\t<div class=\"uagb-post__excerpt\">\n\t\t\t\t\tO&nbsp;trabalho remoto&nbsp;(home office) \u00e9 uma modalidade de trabalho \u00e0 dist\u00e2ncia. Muito utilizada por alguns profissionais liberais e empresas que prescindem da presen\u00e7a de seus colaboradores,&hellip;\t\t\t\t<\/div>\n\t\t\t\t\t\t\t\t\t\t\t\t\t<div class=\"uagb-post__cta\">\n\t\t\t\t<a class=\"uagb-post__link uagb-text-link\" href=\"https:\/\/ds5.com.br\/site\/2020\/08\/21\/trabalho-remoto-e-financas-como-a-empresa-pode-se-beneficiar-dese-novo-formato\/\" target=\"_self\" rel=\"bookmark noopener noreferrer\">Leia mais<\/a>\n\t\t\t<\/div>\n\t\t\t\t\t\t\t\t\t<\/div>\n\t\t\t\t\t<\/div>\n\t\t\t\t\t\t\t\t\t<\/article>\n\n\t\t\t\t\t\t\t\t<\/div>\n\t\t\t\t\t\t\t<\/div>\n\t\t\t\n\n\n<section class=\"wp-block-uagb-section uagb-section__wrap uagb-section__background-undefined uagb-block-078f0ede\"><div class=\"uagb-section__overlay\"><\/div><div class=\"uagb-section__inner-wrap\">\n<section class=\"wp-block-uagb-columns uagb-columns__wrap uagb-columns__background-undefined uagb-columns__stack-mobile uagb-columns__valign-undefined uagb-columns__gap-10 alignundefined uagb-block-75cde2d5\"><div class=\"uagb-columns__overlay\"><\/div><div class=\"uagb-columns__inner-wrap uagb-columns__columns-3\">\n<div class=\"wp-block-uagb-column uagb-column__wrap uagb-column__background-undefined uagb-block-e07a8282\"><div class=\"uagb-column__overlay\"><\/div><div class=\"uagb-column__inner-wrap\">\n<p>CATEGORIA A<\/p>\n<\/div><\/div>\n\n\n\n<div class=\"wp-block-uagb-column uagb-column__wrap uagb-column__background-undefined uagb-block-a7efdf8a\"><div class=\"uagb-column__overlay\"><\/div><div class=\"uagb-column__inner-wrap\">\n<p>CATEGORIA B<\/p>\n<\/div><\/div>\n\n\n\n<div class=\"wp-block-uagb-column uagb-column__wrap uagb-column__background-undefined uagb-block-82e44e30\"><div class=\"uagb-column__overlay\"><\/div><div class=\"uagb-column__inner-wrap\">\n<p>CATEGORIA C<\/p>\n<\/div><\/div>\n<\/div><\/section>\n<\/div><\/section>\n","protected":false},"excerpt":{"rendered":"","protected":false},"author":2,"featured_media":0,"parent":0,"menu_order":3,"comment_status":"closed","ping_status":"closed","template":"elementor_header_footer","meta":[],"uagb_featured_image_src":{"full":false,"thumbnail":false,"medium":false,"medium_large":false,"large":false,"1536x1536":false,"2048x2048":false},"uagb_author_info":{"display_name":"ds5 sistemas","author_link":"https:\/\/ds5.com.br\/site\/author\/ds5\/"},"uagb_comment_info":0,"uagb_excerpt":null,"_links":{"self":[{"href":"https:\/\/ds5.com.br\/site\/wp-json\/wp\/v2\/pages\/2518"}],"collection":[{"href":"https:\/\/ds5.com.br\/site\/wp-json\/wp\/v2\/pages"}],"about":[{"href":"https:\/\/ds5.com.br\/site\/wp-json\/wp\/v2\/types\/page"}],"author":[{"embeddable":true,"href":"https:\/\/ds5.com.br\/site\/wp-json\/wp\/v2\/users\/2"}],"replies":[{"embeddable":true,"href":"https:\/\/ds5.com.br\/site\/wp-json\/wp\/v2\/comments?post=2518"}],"version-history":[{"count":22,"href":"https:\/\/ds5.com.br\/site\/wp-json\/wp\/v2\/pages\/2518\/revisions"}],"predecessor-version":[{"id":3110,"href":"https:\/\/ds5.com.br\/site\/wp-json\/wp\/v2\/pages\/2518\/revisions\/3110"}],"wp:attachment":[{"href":"https:\/\/ds5.com.br\/site\/wp-json\/wp\/v2\/media?parent=2518"}],"curies":[{"name":"wp","href":"https:\/\/api.w.org\/{rel}","templated":true}]}}